{"id":1603,"date":"2026-03-15T14:44:03","date_gmt":"2026-03-15T14:44:03","guid":{"rendered":"https:\/\/thchang.com\/hyperkalid\/?post_type=product&#038;p=1603"},"modified":"2026-04-22T08:13:05","modified_gmt":"2026-04-22T08:13:05","slug":"re-start-volume-lift-up-body-foam","status":"publish","type":"product","link":"https:\/\/hyperkalid.thoperchang.com\/?product=re-start-volume-lift-up-body-foam","title":{"rendered":"RE\/START Volume Lift-Up Body Foam"},"content":{"rendered":"<h2 data-section-id=\"9qyc0o\" data-start=\"715\" data-end=\"771\">Revlon Professional RE\/START Volume Lift-Up Body Foam<\/h2>\n<p data-start=\"773\" data-end=\"950\">La <strong data-start=\"776\" data-end=\"836\">RE\/START Volume Lift-Up Body Foam de Revlon Professional<\/strong> es una espuma capilar dise\u00f1ada para aportar volumen, cuerpo y densidad al cabello desde la ra\u00edz hasta las puntas.<\/p>\n<p data-start=\"952\" data-end=\"1180\">Su f\u00f3rmula ligera de acci\u00f3n dual combina la tecnolog\u00eda <strong data-start=\"1007\" data-end=\"1028\">Kerabiotic System<\/strong>, que ayuda a equilibrar el microbioma del cuero cabelludo, con <strong data-start=\"1092\" data-end=\"1104\">V BOOST\u2122<\/strong>, un complejo que proporciona volumen y densidad al cabello sin apelmazarlo.<\/p>\n<p data-start=\"1182\" data-end=\"1297\">Esta espuma permite crear peinados con mayor cuerpo, movimiento y textura, manteniendo un acabado natural y ligero.<\/p>\n<h2 data-section-id=\"337j2o\" data-start=\"1304\" data-end=\"1317\">Beneficios<\/h2>\n<ul data-start=\"1319\" data-end=\"1527\">\n<li data-section-id=\"jfucct\" data-start=\"1319\" data-end=\"1351\">\n<p data-start=\"1321\" data-end=\"1351\">Aporta volumen desde la ra\u00edz<\/p>\n<\/li>\n<li data-section-id=\"1wf4wft\" data-start=\"1352\" data-end=\"1387\">\n<p data-start=\"1354\" data-end=\"1387\">Da cuerpo y densidad al cabello<\/p>\n<\/li>\n<li data-section-id=\"13d9c23\" data-start=\"1388\" data-end=\"1420\">\n<p data-start=\"1390\" data-end=\"1420\">No apelmaza ni deja residuos<\/p>\n<\/li>\n<li data-section-id=\"a3n7lm\" data-start=\"1421\" data-end=\"1458\">\n<p data-start=\"1423\" data-end=\"1458\">Mejora la textura y manejabilidad<\/p>\n<\/li>\n<li data-section-id=\"1a2yjrq\" data-start=\"1459\" data-end=\"1500\">\n<p data-start=\"1461\" data-end=\"1500\">Ideal para cabello fino o sin volumen<\/p>\n<\/li>\n<li data-section-id=\"1j22u8h\" data-start=\"1501\" data-end=\"1527\">\n<p data-start=\"1503\" data-end=\"1527\">Acabado natural y ligero<\/p>\n<\/li>\n<\/ul>\n<h2 data-section-id=\"sbovcy\" data-start=\"1534\" data-end=\"1546\">C\u00f3mo usar<\/h2>\n<ol data-start=\"1548\" data-end=\"1735\">\n<li data-section-id=\"18q40ud\" data-start=\"1548\" data-end=\"1579\">\n<p data-start=\"1551\" data-end=\"1579\">Agitar bien antes de usar.<\/p>\n<\/li>\n<li data-section-id=\"p8llza\" data-start=\"1580\" data-end=\"1638\">\n<p data-start=\"1583\" data-end=\"1638\">Aplicar una peque\u00f1a cantidad sobre el cabello h\u00famedo.<\/p>\n<\/li>\n<li data-section-id=\"6uu8b1\" data-start=\"1639\" data-end=\"1686\">\n<p data-start=\"1642\" data-end=\"1686\">Distribuir desde la ra\u00edz hasta las puntas.<\/p>\n<\/li>\n<li data-section-id=\"kq5133\" data-start=\"1687\" data-end=\"1735\">\n<p data-start=\"1690\" data-end=\"1735\">Secar con secador o peinar como de costumbre.<\/p>\n<\/li>\n<\/ol>\n<h2 data-section-id=\"arbq7a\" data-start=\"1742\" data-end=\"1760\">Caracter\u00edsticas<\/h2>\n<ul data-start=\"1762\" data-end=\"2023\">\n<li data-section-id=\"n7tfbd\" data-start=\"1762\" data-end=\"1796\">\n<p data-start=\"1764\" data-end=\"1796\">Marca: <strong data-start=\"1771\" data-end=\"1794\">Revlon Professional<\/strong><\/p>\n<\/li>\n<li data-section-id=\"18479pl\" data-start=\"1797\" data-end=\"1827\">\n<p data-start=\"1799\" data-end=\"1827\">L\u00ednea: <strong data-start=\"1806\" data-end=\"1825\">RE\/START Volume<\/strong><\/p>\n<\/li>\n<li data-section-id=\"1qzq4gs\" data-start=\"1828\" data-end=\"1859\">\n<p data-start=\"1830\" data-end=\"1859\">Producto: Lift-Up Body Foam<\/p>\n<\/li>\n<li data-section-id=\"n5u963\" data-start=\"1860\" data-end=\"1899\">\n<p data-start=\"1862\" data-end=\"1899\">Tipo: Espuma capilar voluminizadora<\/p>\n<\/li>\n<li data-section-id=\"1fqg9bl\" data-start=\"1900\" data-end=\"1944\">\n<p data-start=\"1902\" data-end=\"1944\">Tecnolog\u00eda: Kerabiotic System + V BOOST\u2122<\/p>\n<\/li>\n<li data-section-id=\"1nrmafc\" data-start=\"1945\" data-end=\"1984\">\n<p data-start=\"1947\" data-end=\"1984\">Tipo de cabello: Fino o sin volumen<\/p>\n<\/li>\n<li data-section-id=\"1icztoi\" data-start=\"1985\" data-end=\"2023\">\n<p data-start=\"1987\" data-end=\"2023\">Presentaci\u00f3n: <strong data-start=\"2001\" data-end=\"2023\">165 ml \/ 5.5 fl oz<\/strong><\/p>\n<\/li>\n<\/ul>\n","protected":false},"excerpt":{"rendered":"<p data-start=\"212\" data-end=\"508\"><strong data-start=\"212\" data-end=\"269\">Revlon Professional RE\/START Volume Lift-Up Body Foam<\/strong> es una espuma capilar ligera que aporta <strong data-start=\"310\" data-end=\"355\">volumen desde la ra\u00edz y cuerpo al cabello<\/strong>. Su f\u00f3rmula con <strong data-start=\"372\" data-end=\"408\">tecnolog\u00eda Kerabiotic y V BOOST\u2122<\/strong> ayuda a equilibrar el cuero cabelludo mientras proporciona un efecto de volumen natural y duradero.<\/p>\n<p data-start=\"510\" data-end=\"650\">\u2714 Volumen desde la ra\u00edz<br data-start=\"533\" data-end=\"536\" \/>\u2714 Cabello con m\u00e1s cuerpo y densidad<br data-start=\"571\" data-end=\"574\" \/>\u2714 Textura ligera que no apelmaza<br data-start=\"606\" data-end=\"609\" \/>\u2714 Ideal para cabello fino o sin volumen<\/p>\n<p data-start=\"510\" data-end=\"650\">\n<p data-start=\"652\" data-end=\"673\"><strong data-start=\"652\" data-end=\"666\">Contenido:<\/strong> 165 ml<\/p>\n","protected":false},"featured_media":1606,"comment_status":"closed","ping_status":"closed","template":"","meta":{"_bst_post_transparent":"default","_bst_post_title":"","_bst_post_layout":"default","_bst_post_sidebar_id":"","_bst_post_content_style":"default","_bst_post_vertical_padding":"default","_bst_post_feature":"","_bst_post_feature_position":"","_bst_post_header":false,"_bst_post_footer":false},"product_brand":[],"product_cat":[86],"product_tag":[137,136,135,138],"product_brands":[],"class_list":{"0":"post-1603","1":"product","2":"type-product","3":"status-publish","4":"has-post-thumbnail","6":"product_cat-restart","7":"product_tag-espuma-capilar","8":"product_tag-espuma-volumen-cabello","9":"product_tag-mousse-cabello","10":"product_tag-volumen-desde-la-raiz","12":"first","13":"instock","14":"shipping-taxable","15":"purchasable","16":"product-type-simple","17":"entry","18":"content-bg","19":"loop-entry"},"_links":{"self":[{"href":"https:\/\/hyperkalid.thoperchang.com\/index.php?rest_route=\/wp\/v2\/product\/1603","targetHints":{"allow":["GET"]}}],"collection":[{"href":"https:\/\/hyperkalid.thoperchang.com\/index.php?rest_route=\/wp\/v2\/product"}],"about":[{"href":"https:\/\/hyperkalid.thoperchang.com\/index.php?rest_route=\/wp\/v2\/types\/product"}],"replies":[{"embeddable":true,"href":"https:\/\/hyperkalid.thoperchang.com\/index.php?rest_route=%2Fwp%2Fv2%2Fcomments&post=1603"}],"wp:featuredmedia":[{"embeddable":true,"href":"https:\/\/hyperkalid.thoperchang.com\/index.php?rest_route=\/wp\/v2\/media\/1606"}],"wp:attachment":[{"href":"https:\/\/hyperkalid.thoperchang.com\/index.php?rest_route=%2Fwp%2Fv2%2Fmedia&parent=1603"}],"wp:term":[{"taxonomy":"product_brand","embeddable":true,"href":"https:\/\/hyperkalid.thoperchang.com\/index.php?rest_route=%2Fwp%2Fv2%2Fproduct_brand&post=1603"},{"taxonomy":"product_cat","embeddable":true,"href":"https:\/\/hyperkalid.thoperchang.com\/index.php?rest_route=%2Fwp%2Fv2%2Fproduct_cat&post=1603"},{"taxonomy":"product_tag","embeddable":true,"href":"https:\/\/hyperkalid.thoperchang.com\/index.php?rest_route=%2Fwp%2Fv2%2Fproduct_tag&post=1603"},{"taxonomy":"product_brands","embeddable":true,"href":"https:\/\/hyperkalid.thoperchang.com\/index.php?rest_route=%2Fwp%2Fv2%2Fproduct_brands&post=1603"}],"curies":[{"name":"wp","href":"https:\/\/api.w.org\/{rel}","templated":true}]}}