{"id":1607,"date":"2026-03-15T14:48:03","date_gmt":"2026-03-15T14:48:03","guid":{"rendered":"https:\/\/thchang.com\/hyperkalid\/?post_type=product&#038;p=1607"},"modified":"2026-04-22T08:13:05","modified_gmt":"2026-04-22T08:13:05","slug":"professional-hair-scalp-massager","status":"publish","type":"product","link":"https:\/\/hyperkalid.thoperchang.com\/?product=professional-hair-scalp-massager","title":{"rendered":"Professional Hair Scalp Massager"},"content":{"rendered":"<h2 data-section-id=\"6lhcbk\" data-start=\"750\" data-end=\"792\">Revlon Professional Hair Scalp Massager<\/h2>\n<p data-start=\"794\" data-end=\"992\">El <strong data-start=\"797\" data-end=\"840\">Revlon Professional Hair Scalp Massager<\/strong> es un dispositivo dise\u00f1ado para proporcionar un masaje relajante en el cuero cabelludo, ayudando a estimular la circulaci\u00f3n y mejorar la salud capilar.<\/p>\n<p data-start=\"994\" data-end=\"1253\">Su dise\u00f1o ergon\u00f3mico permite un uso c\u00f3modo mientras se aplican tratamientos capilares, aceites o lociones. El masaje ayuda a distribuir mejor los productos y favorece la absorci\u00f3n de los ingredientes activos, contribuyendo a un cabello m\u00e1s fuerte y saludable.<\/p>\n<p data-start=\"1255\" data-end=\"1361\">Adem\u00e1s de sus beneficios capilares, tambi\u00e9n ofrece una sensaci\u00f3n de relajaci\u00f3n y bienestar durante su uso.<\/p>\n<h2 data-section-id=\"337j2o\" data-start=\"1368\" data-end=\"1381\">Beneficios<\/h2>\n<ul data-start=\"1383\" data-end=\"1653\">\n<li data-section-id=\"wjiph3\" data-start=\"1383\" data-end=\"1430\">\n<p data-start=\"1385\" data-end=\"1430\">Estimula la circulaci\u00f3n del cuero cabelludo<\/p>\n<\/li>\n<li data-section-id=\"1u7qyv\" data-start=\"1431\" data-end=\"1480\">\n<p data-start=\"1433\" data-end=\"1480\">Mejora la absorci\u00f3n de tratamientos capilares<\/p>\n<\/li>\n<li data-section-id=\"sw93om\" data-start=\"1481\" data-end=\"1521\">\n<p data-start=\"1483\" data-end=\"1521\">Ayuda a relajar y aliviar la tensi\u00f3n<\/p>\n<\/li>\n<li data-section-id=\"1xtpwq5\" data-start=\"1522\" data-end=\"1573\">\n<p data-start=\"1524\" data-end=\"1573\">Facilita la distribuci\u00f3n de productos capilares<\/p>\n<\/li>\n<li data-section-id=\"6lwaxs\" data-start=\"1574\" data-end=\"1614\">\n<p data-start=\"1576\" data-end=\"1614\">Dise\u00f1o ergon\u00f3mico y f\u00e1cil de manejar<\/p>\n<\/li>\n<li data-section-id=\"13bpu4q\" data-start=\"1615\" data-end=\"1653\">\n<p data-start=\"1617\" data-end=\"1653\">Ideal para uso en casa o profesional<\/p>\n<\/li>\n<\/ul>\n<h2 data-section-id=\"sbovcy\" data-start=\"1660\" data-end=\"1672\">C\u00f3mo usar<\/h2>\n<ol data-start=\"1674\" data-end=\"1939\">\n<li data-section-id=\"bfgm7y\" data-start=\"1674\" data-end=\"1744\">\n<p data-start=\"1677\" data-end=\"1744\">Aplicar el tratamiento capilar o aceite sobre el cuero cabelludo.<\/p>\n<\/li>\n<li data-section-id=\"w90xl1\" data-start=\"1745\" data-end=\"1807\">\n<p data-start=\"1748\" data-end=\"1807\">Encender el dispositivo si dispone de funci\u00f3n vibratoria.<\/p>\n<\/li>\n<li data-section-id=\"zvczzo\" data-start=\"1808\" data-end=\"1879\">\n<p data-start=\"1811\" data-end=\"1879\">Masajear suavemente el cuero cabelludo con movimientos circulares.<\/p>\n<\/li>\n<li data-section-id=\"1u1hgfy\" data-start=\"1880\" data-end=\"1939\">\n<p data-start=\"1883\" data-end=\"1939\">Usar durante unos minutos para estimular la circulaci\u00f3n.<\/p>\n<\/li>\n<\/ol>\n<h2 data-section-id=\"arbq7a\" data-start=\"1946\" data-end=\"1964\">Caracter\u00edsticas<\/h2>\n<ul data-start=\"1966\" data-end=\"2188\">\n<li data-section-id=\"n7tfbd\" data-start=\"1966\" data-end=\"2000\">\n<p data-start=\"1968\" data-end=\"2000\">Marca: <strong data-start=\"1975\" data-end=\"1998\">Revlon Professional<\/strong><\/p>\n<\/li>\n<li data-section-id=\"blwuaj\" data-start=\"2001\" data-end=\"2033\">\n<p data-start=\"2003\" data-end=\"2033\">Producto: Masajeador capilar<\/p>\n<\/li>\n<li data-section-id=\"92zrrc\" data-start=\"2034\" data-end=\"2086\">\n<p data-start=\"2036\" data-end=\"2086\">Tipo: Dispositivo de masaje para cuero cabelludo<\/p>\n<\/li>\n<li data-section-id=\"tcv8eh\" data-start=\"2087\" data-end=\"2129\">\n<p data-start=\"2089\" data-end=\"2129\">Uso: Estimulaci\u00f3n y relajaci\u00f3n capilar<\/p>\n<\/li>\n<li data-section-id=\"z8nf3x\" data-start=\"2130\" data-end=\"2167\">\n<p data-start=\"2132\" data-end=\"2167\">Aplicaci\u00f3n: Cabello seco o h\u00famedo<\/p>\n<\/li>\n<li data-section-id=\"1vu1u4d\" data-start=\"2168\" data-end=\"2188\">\n<p data-start=\"2170\" data-end=\"2188\">Dise\u00f1o: Ergon\u00f3mico<\/p>\n<\/li>\n<\/ul>\n","protected":false},"excerpt":{"rendered":"<p data-start=\"230\" data-end=\"531\">El <strong data-start=\"233\" data-end=\"276\">Revlon Professional Hair Scalp Massager<\/strong> es un dispositivo dise\u00f1ado para estimular el cuero cabelludo mediante suaves vibraciones o masajes, ayudando a mejorar la circulaci\u00f3n y potenciar la absorci\u00f3n de tratamientos capilares. Ideal para complementar rutinas de cuidado del cabello y relajaci\u00f3n.<\/p>\n<p data-start=\"533\" data-end=\"708\">\u2714 Estimula la circulaci\u00f3n del cuero cabelludo<br data-start=\"578\" data-end=\"581\" \/>\u2714 Mejora la absorci\u00f3n de tratamientos capilares<br data-start=\"628\" data-end=\"631\" \/>\u2714 Relaja y masajea el cuero cabelludo<br data-start=\"668\" data-end=\"671\" \/>\u2714 Dise\u00f1o ergon\u00f3mico y f\u00e1cil de usar<\/p>\n","protected":false},"featured_media":1605,"comment_status":"closed","ping_status":"closed","template":"","meta":{"_bst_post_transparent":"default","_bst_post_title":"","_bst_post_layout":"default","_bst_post_sidebar_id":"","_bst_post_content_style":"default","_bst_post_vertical_padding":"default","_bst_post_feature":"","_bst_post_feature_position":"","_bst_post_header":false,"_bst_post_footer":false},"product_brand":[],"product_cat":[86],"product_tag":[140,143,142,141,139],"product_brands":[],"class_list":{"0":"post-1607","1":"product","2":"type-product","3":"status-publish","4":"has-post-thumbnail","6":"product_cat-restart","7":"product_tag-estimulacion-capilar","8":"product_tag-herramienta-capilar","9":"product_tag-masajeador-capilar","10":"product_tag-masajeador-cuero-cabelludo","11":"product_tag-scalp-massager","13":"first","14":"instock","15":"shipping-taxable","16":"purchasable","17":"product-type-simple","18":"entry","19":"content-bg","20":"loop-entry"},"_links":{"self":[{"href":"https:\/\/hyperkalid.thoperchang.com\/index.php?rest_route=\/wp\/v2\/product\/1607","targetHints":{"allow":["GET"]}}],"collection":[{"href":"https:\/\/hyperkalid.thoperchang.com\/index.php?rest_route=\/wp\/v2\/product"}],"about":[{"href":"https:\/\/hyperkalid.thoperchang.com\/index.php?rest_route=\/wp\/v2\/types\/product"}],"replies":[{"embeddable":true,"href":"https:\/\/hyperkalid.thoperchang.com\/index.php?rest_route=%2Fwp%2Fv2%2Fcomments&post=1607"}],"wp:featuredmedia":[{"embeddable":true,"href":"https:\/\/hyperkalid.thoperchang.com\/index.php?rest_route=\/wp\/v2\/media\/1605"}],"wp:attachment":[{"href":"https:\/\/hyperkalid.thoperchang.com\/index.php?rest_route=%2Fwp%2Fv2%2Fmedia&parent=1607"}],"wp:term":[{"taxonomy":"product_brand","embeddable":true,"href":"https:\/\/hyperkalid.thoperchang.com\/index.php?rest_route=%2Fwp%2Fv2%2Fproduct_brand&post=1607"},{"taxonomy":"product_cat","embeddable":true,"href":"https:\/\/hyperkalid.thoperchang.com\/index.php?rest_route=%2Fwp%2Fv2%2Fproduct_cat&post=1607"},{"taxonomy":"product_tag","embeddable":true,"href":"https:\/\/hyperkalid.thoperchang.com\/index.php?rest_route=%2Fwp%2Fv2%2Fproduct_tag&post=1607"},{"taxonomy":"product_brands","embeddable":true,"href":"https:\/\/hyperkalid.thoperchang.com\/index.php?rest_route=%2Fwp%2Fv2%2Fproduct_brands&post=1607"}],"curies":[{"name":"wp","href":"https:\/\/api.w.org\/{rel}","templated":true}]}}