{"id":1608,"date":"2026-03-15T14:53:57","date_gmt":"2026-03-15T14:53:57","guid":{"rendered":"https:\/\/thchang.com\/hyperkalid\/?post_type=product&#038;p=1608"},"modified":"2026-03-15T14:57:43","modified_gmt":"2026-03-15T14:57:43","slug":"re-start-balance-anti-hair-loss-direct-spray","status":"publish","type":"product","link":"https:\/\/hyperkalid.thoperchang.com\/?product=re-start-balance-anti-hair-loss-direct-spray","title":{"rendered":"RE\/START Balance Anti Hair Loss Direct Spray"},"content":{"rendered":"<h2 data-section-id=\"1ygws57\" data-start=\"762\" data-end=\"829\">Revlon Professional RE\/START Balance Anti Hair Loss Direct Spray<\/h2>\n<p data-start=\"831\" data-end=\"1024\">El <strong data-start=\"834\" data-end=\"905\">RE\/START Balance Anti Hair Loss Direct Spray de Revlon Professional<\/strong> es una loci\u00f3n capilar dise\u00f1ada para ayudar a reducir la ca\u00edda del cabello y mejorar el equilibrio del cuero cabelludo.<\/p>\n<p data-start=\"1026\" data-end=\"1276\">Su f\u00f3rmula de acci\u00f3n dual combina la tecnolog\u00eda <strong data-start=\"1074\" data-end=\"1095\">Kerabiotic System<\/strong>, que ayuda a mantener el equilibrio del microbioma del cuero cabelludo, con <strong data-start=\"1172\" data-end=\"1185\">EquiFeel\u2122<\/strong>, un complejo que contribuye a fortalecer el cabello debilitado y mejorar la salud capilar.<\/p>\n<p data-start=\"1278\" data-end=\"1446\">Este tratamiento de r\u00e1pida absorci\u00f3n revitaliza el cuero cabelludo y ayuda a reforzar la estructura capilar, favoreciendo un cabello m\u00e1s fuerte, saludable y resistente.<\/p>\n<h2 data-section-id=\"337j2o\" data-start=\"1453\" data-end=\"1466\">Beneficios<\/h2>\n<ul data-start=\"1468\" data-end=\"1726\">\n<li data-section-id=\"1fn66db\" data-start=\"1468\" data-end=\"1508\">\n<p data-start=\"1470\" data-end=\"1508\">Ayuda a reducir la ca\u00edda del cabello<\/p>\n<\/li>\n<li data-section-id=\"a3rmk7\" data-start=\"1509\" data-end=\"1556\">\n<p data-start=\"1511\" data-end=\"1556\">Equilibra el microbioma del cuero cabelludo<\/p>\n<\/li>\n<li data-section-id=\"apcum6\" data-start=\"1557\" data-end=\"1587\">\n<p data-start=\"1559\" data-end=\"1587\">Fortalece la fibra capilar<\/p>\n<\/li>\n<li data-section-id=\"1akegek\" data-start=\"1588\" data-end=\"1627\">\n<p data-start=\"1590\" data-end=\"1627\">Mejora la salud del cuero cabelludo<\/p>\n<\/li>\n<li data-section-id=\"1omqqxd\" data-start=\"1628\" data-end=\"1667\">\n<p data-start=\"1630\" data-end=\"1667\">Absorci\u00f3n r\u00e1pida sin dejar residuos<\/p>\n<\/li>\n<li data-section-id=\"1xg7j5w\" data-start=\"1668\" data-end=\"1726\">\n<p data-start=\"1670\" data-end=\"1726\">Ideal para cabello debilitado o con tendencia a la ca\u00edda<\/p>\n<\/li>\n<\/ul>\n<h2 data-section-id=\"sbovcy\" data-start=\"1733\" data-end=\"1745\">C\u00f3mo usar<\/h2>\n<ol data-start=\"1747\" data-end=\"1916\">\n<li data-section-id=\"vrv9vk\" data-start=\"1747\" data-end=\"1805\">\n<p data-start=\"1750\" data-end=\"1805\">Aplicar directamente sobre el cuero cabelludo limpio.<\/p>\n<\/li>\n<li data-section-id=\"xev40w\" data-start=\"1806\" data-end=\"1846\">\n<p data-start=\"1809\" data-end=\"1846\">Distribuir en las zonas necesarias.<\/p>\n<\/li>\n<li data-section-id=\"7q6f9b\" data-start=\"1847\" data-end=\"1900\">\n<p data-start=\"1850\" data-end=\"1900\">Masajear suavemente para favorecer la absorci\u00f3n.<\/p>\n<\/li>\n<li data-section-id=\"6eapgx\" data-start=\"1901\" data-end=\"1916\">\n<p data-start=\"1904\" data-end=\"1916\">No enjuagar.<\/p>\n<\/li>\n<\/ol>\n<p data-start=\"1918\" data-end=\"1996\">Puede utilizarse de forma regular como parte de una rutina de cuidado capilar.<\/p>\n<h2 data-section-id=\"arbq7a\" data-start=\"2003\" data-end=\"2021\">Caracter\u00edsticas<\/h2>\n<ul data-start=\"2023\" data-end=\"2267\">\n<li data-section-id=\"n7tfbd\" data-start=\"2023\" data-end=\"2057\">\n<p data-start=\"2025\" data-end=\"2057\">Marca: <strong data-start=\"2032\" data-end=\"2055\">Revlon Professional<\/strong><\/p>\n<\/li>\n<li data-section-id=\"ceqmqv\" data-start=\"2058\" data-end=\"2089\">\n<p data-start=\"2060\" data-end=\"2089\">L\u00ednea: <strong data-start=\"2067\" data-end=\"2087\">RE\/START Balance<\/strong><\/p>\n<\/li>\n<li data-section-id=\"mwsd75\" data-start=\"2090\" data-end=\"2131\">\n<p data-start=\"2092\" data-end=\"2131\">Producto: Anti Hair Loss Direct Spray<\/p>\n<\/li>\n<li data-section-id=\"13sbwem\" data-start=\"2132\" data-end=\"2163\">\n<p data-start=\"2134\" data-end=\"2163\">Tipo: Tratamiento antica\u00edda<\/p>\n<\/li>\n<li data-section-id=\"pyns00\" data-start=\"2164\" data-end=\"2209\">\n<p data-start=\"2166\" data-end=\"2209\">Tecnolog\u00eda: Kerabiotic System + EquiFeel\u2122<\/p>\n<\/li>\n<li data-section-id=\"nel8bx\" data-start=\"2210\" data-end=\"2231\">\n<p data-start=\"2212\" data-end=\"2231\">Uso: Sin enjuague<\/p>\n<\/li>\n<li data-section-id=\"ax57s3\" data-start=\"2232\" data-end=\"2267\">\n<p data-start=\"2234\" data-end=\"2267\">Contenido: <strong data-start=\"2245\" data-end=\"2267\">100 ml \/ 3.3 fl oz<\/strong><\/p>\n<\/li>\n<\/ul>\n","protected":false},"excerpt":{"rendered":"<p style=\"text-align: justify;\" data-start=\"221\" data-end=\"559\"><strong data-start=\"221\" data-end=\"289\">Revlon Professional RE\/START Balance Anti Hair Loss Direct Spray<\/strong> es un tratamiento antica\u00edda de r\u00e1pida absorci\u00f3n que ayuda a equilibrar el cuero cabelludo y fortalecer el cabello desde la ra\u00edz. Su f\u00f3rmula con <strong data-start=\"434\" data-end=\"471\">tecnolog\u00eda Kerabiotic y EquiFeel\u2122<\/strong> contribuye a reducir la ca\u00edda del cabello mientras mejora la salud del cuero cabelludo.<\/p>\n<p style=\"text-align: justify;\" data-start=\"561\" data-end=\"697\">\u2714 Ayuda a reducir la ca\u00edda del cabello<br data-start=\"599\" data-end=\"602\" \/>\u2714 Equilibra el cuero cabelludo<br data-start=\"632\" data-end=\"635\" \/>\u2714 Fortalece la fibra capilar<br data-start=\"663\" data-end=\"666\" \/>\u2714 F\u00f3rmula ligera sin enjuague<\/p>\n<p style=\"text-align: justify;\" data-start=\"699\" data-end=\"720\"><strong data-start=\"699\" data-end=\"713\">Contenido:<\/strong> 100 ml<\/p>\n","protected":false},"featured_media":1604,"comment_status":"closed","ping_status":"closed","template":"","meta":{"_bst_post_transparent":"default","_bst_post_title":"","_bst_post_layout":"default","_bst_post_sidebar_id":"","_bst_post_content_style":"default","_bst_post_vertical_padding":"default","_bst_post_feature":"","_bst_post_feature_position":"","_bst_post_header":false,"_bst_post_footer":false},"product_brand":[],"product_cat":[86,81],"product_tag":[145,146,147,144,126],"product_brands":[],"class_list":{"0":"post-1608","1":"product","2":"type-product","3":"status-publish","4":"has-post-thumbnail","6":"product_cat-restart","7":"product_cat-revlon-professional","8":"product_tag-anti-hair-loss","9":"product_tag-cuidado-del-cuero-cabelludo","10":"product_tag-fortalecedor-capilar","11":"product_tag-restart-balance","12":"product_tag-spray-anticaida","14":"first","15":"instock","16":"shipping-taxable","17":"purchasable","18":"product-type-simple","19":"entry","20":"content-bg","21":"loop-entry"},"_links":{"self":[{"href":"https:\/\/hyperkalid.thoperchang.com\/index.php?rest_route=\/wp\/v2\/product\/1608","targetHints":{"allow":["GET"]}}],"collection":[{"href":"https:\/\/hyperkalid.thoperchang.com\/index.php?rest_route=\/wp\/v2\/product"}],"about":[{"href":"https:\/\/hyperkalid.thoperchang.com\/index.php?rest_route=\/wp\/v2\/types\/product"}],"replies":[{"embeddable":true,"href":"https:\/\/hyperkalid.thoperchang.com\/index.php?rest_route=%2Fwp%2Fv2%2Fcomments&post=1608"}],"wp:featuredmedia":[{"embeddable":true,"href":"https:\/\/hyperkalid.thoperchang.com\/index.php?rest_route=\/wp\/v2\/media\/1604"}],"wp:attachment":[{"href":"https:\/\/hyperkalid.thoperchang.com\/index.php?rest_route=%2Fwp%2Fv2%2Fmedia&parent=1608"}],"wp:term":[{"taxonomy":"product_brand","embeddable":true,"href":"https:\/\/hyperkalid.thoperchang.com\/index.php?rest_route=%2Fwp%2Fv2%2Fproduct_brand&post=1608"},{"taxonomy":"product_cat","embeddable":true,"href":"https:\/\/hyperkalid.thoperchang.com\/index.php?rest_route=%2Fwp%2Fv2%2Fproduct_cat&post=1608"},{"taxonomy":"product_tag","embeddable":true,"href":"https:\/\/hyperkalid.thoperchang.com\/index.php?rest_route=%2Fwp%2Fv2%2Fproduct_tag&post=1608"},{"taxonomy":"product_brands","embeddable":true,"href":"https:\/\/hyperkalid.thoperchang.com\/index.php?rest_route=%2Fwp%2Fv2%2Fproduct_brands&post=1608"}],"curies":[{"name":"wp","href":"https:\/\/api.w.org\/{rel}","templated":true}]}}